2.
22
Calculate the greatest common divisor of 63 and 692433.
63
Calculate the highest common divisor of 13 and 28691.
13
What is the highest common divisor of 4002 and 8832?
138
What is the highest common divisor of 14180 and 90?
10
Calculate the greatest common divisor of 43309 and 79355.
269
What is the highest common divisor of 7657 and 57?
19
What is the highest common factor of 25496 and 40?
8
What is the greatest common divisor of 28 and 8449?
7
What is the highest common divisor of 837670 and 1055?
1055
Calculate the greatest common factor of 184352 and 224.
224
Calculate the greatest common factor of 3796 and 208.
52
What is the highest common factor of 553 and 21409?
79
What is the greatest common divisor of 18 and 9963?
9
What is the greatest common factor of 313725 and 188?
47
What is the greatest common factor of 1292 and 6800?
68
Calculate the highest common divisor of 140 and 1230810.
70
Calculate the greatest common divisor of 73 and 88841.
73
What is the highest common factor of 3560 and 343985?
445
What is the highest common factor of 1050548 and 601?
601
What is the greatest common factor of 3725013 and 9390?
939
Calculate the highest common factor of 286 and 15262.
26
Calculate the greatest common factor of 49 and 11652200.
49
What is the highest common divisor of 4383966 and 213?
213
What is the highest common factor of 9 and 1996281?
9
What is the greatest common divisor of 1552 and 968?
8
Calculate the highest common divisor of 567 and 145719.
567
Calculate the greatest common factor of 150 and 6275.
25
What is the greatest common divisor of 3315 and 238?
17
What is the greatest common factor of 39903 and 96786?
849
What is the greatest common factor of 2571 and 687?
3
Calculate the highest common divisor of 4131 and 15.
3
Calculate the greatest common factor of 4898 and 7742.
158
Calculate the greatest common factor of 76 and 25726.
38
What is the greatest common factor of 16 and 113416?
8
What is the highest common factor of 26207 and 2117?
73
What is the highest common factor of 75103 and 70?
7
What is the highest common factor of 380 and 105830?
190
Calculate the highest common divisor of 36 and 291123.
9
Calculate the highest common divisor of 40650 and 15900.
150
What is the greatest common divisor of 2597 and 40439?
371
Calculate the highest common divisor of 204607 and 403.
13
What is the highest common divisor of 6182 and 33?
11
Calculate the highest common factor of 12915 and 17325.
315
Calculate the highest common divisor of 278348 and 28.
28
What is the highest common factor of 29556 and 252?
36
What is the highest common factor of 100 and 362760?
20
What is the highest common divisor of 54700 and 500?
100
What is the highest common factor of 321 and 314473?
107
Calculate the highest common factor of 255 and 49045.
85
Calculate the greatest common divisor of 133 and 742273.
133
Calculate the greatest common divisor of 189 and 63423.
27
What is the greatest common factor of 4671 and 81?
27
What is the highest common factor of 308 and 93544?
44
What is the highest common divisor of 13775 and 493?
29
Calculate the greatest common divisor of 303 and 198162.
303
Calculate the highest common divisor of 7 and 232351.
7
What is the greatest common divisor of 70 and 2261630?
70
What is the highest common factor of 239679 and 538?
269
What is the highest common factor of 121077 and 18?
9
Calculate the highest common divisor of 178512 and 144.
48
What is the greatest common factor of 85734 and 990?
198
Calculate the highest common divisor of 16 and 6124.
4
Calculate the greatest common factor of 150836 and 252.
28
Calculate the highest common divisor of 2788 and 476.
68
Calculate the highest common factor of 9947 and 27811.
203
Calculate the greatest common divisor of 101 and 431876.
101
Calculate the highest common factor of 1032 and 30573.
129
What is the highest common divisor of 58 and 94801?
29
What is the greatest common divisor of 800 and 120?
40
Calculate the highest common factor of 293 and 11588736.
293
What is the highest common factor of 7040624 and 16?
16
What is the highest common divisor of 120 and 974928?
24
Calculate the greatest common divisor of 11711 and 196.
49
Calculate the greatest common factor of 344923 and 131.
131
What is the greatest common divisor of 2198 and 352936?
314
What is the greatest common divisor of 50398 and 67123?
223
Calculate the highest common divisor of 120 and 9624.
24
What is the highest common divisor of 836 and 1896884?
836
What is the greatest common divisor of 42300 and 195?
15
Calculate the highest common factor of 4944 and 1096.
8
Calculate the highest common divisor of 21007 and 42.
7
Calculate the highest common factor of 434 and 80766.
14
What is the highest common factor of 186315 and 15?
15
What is the highest common divisor of 1368 and 14478?
114
What is the greatest common divisor of 16065408 and 384?
384
What is the greatest common divisor of 13592 and 8?
8
Calculate the highest common divisor of 45 and 143145.
45
What is the highest common divisor of 8544648 and 12?
12
Calculate the greatest common factor of 13462 and 7102.
106
What is the highest common factor of 5687100 and 54?
18
What is the greatest common divisor of 33 and 1189023?
33
Calculate the greatest common factor of 150178 and 1071.
119
What is the greatest common factor of 11745 and 207?
9
What is the greatest common divisor of 26818 and 12826?
1166
Calculate the highest common divisor of 7536 and 83424.
48
What is the highest common divisor of 17152 and 67?
67
What is the highest common factor of 10650 and 1200?
150
Calculate the highest common factor of 76 and 895204.
76
What is the highest common factor of 333630 and 550?
110
Calculate the greatest common divisor of 26244 and 23814.
486
Calculate the highest common divisor of 2642150 and 14.
14
Calculate the highest common divisor of 1296 and 189.
27
Calculate the greatest common factor of 57324 and 3091.
281
Calculate the greatest common factor of 16170 and 51810.
330
Calculate the greatest common divisor of 2106 and 1248.
78
What is the highest common divisor of 780286 and 52?
26
Calculate the greatest common factor of 3876 and 39780.
204
Calculate the greatest common divisor of 218684 and 92.
92
Calculate the highest common factor of 8959 and 30634.
289
Calculate the highest common factor of 110747 and 91.
91
What is the highest common factor of 1280 and 6560?
160
What is the greatest common divisor of 9210 and 1905?
15
Calculate the greatest common divisor of 18666 and 1326.
102
What is the highest common factor of 1157 and 56782?
89
Calculate the greatest common divisor of 400 and 64.
16
What is the greatest common factor of 423927 and 1008?
63
Calculate the highest common divisor of 396 and 133364.
44
Calculate the greatest common factor of 148 and 57091.
37
Calculate the greatest common factor of 121595 and 996.
83
Calculate the greatest common factor of 35844 and 2266.
206
What is the greatest common factor of 3090 and 2220?
30
Calculate the greatest common factor of 117 and 85111.
13
What is the greatest common factor of 489356 and 196?
28
What is the greatest common divisor of 183813 and 21?
21
What is the highest common divisor of 11398 and 24436?
82
What is the highest common factor of 72 and 4347?
9
What is the highest common divisor of 13 and 4301687?
13
Calculate the greatest common factor of 6456350 and 100.
50
What is the highest common factor of 175 and 8850?
25
Calculate the greatest common factor of 16 and 1279048.
8
What is the greatest common divisor of 58 and 938?
2
What is the highest common factor of 80 and 1707?
1
Calculate the highest common divisor of 36103 and 1264.
79
What is the highest common factor of 165066 and 65758?
1342
What is the highest common factor of 312500 and 10?
10
What is the greatest common divisor of 307232 and 176?
16
Calculate the greatest common divisor of 1893 and 27.
3
What is the highest common divisor of 889 and 1169?
7
Calculate the highest common divisor of 842570 and 2180.
1090
Calculate the highest common factor of 7024 and 76.
4
What is the greatest common factor of 14 and 131194?
14
What is the greatest common divisor of 871 and 4043?
13
Calculate the highest common factor of 